{"id":25073,"date":"2018-05-03T22:06:16","date_gmt":"2018-05-03T21:06:16","guid":{"rendered":"http:\/\/foto-trinec.cz\/?page_id=25073"},"modified":"2018-05-03T22:09:20","modified_gmt":"2018-05-03T21:09:20","slug":"zhotoveni-darkovych-poukazu","status":"publish","type":"page","link":"https:\/\/foto-trinec.cz\/?page_id=25073","title":{"rendered":"Zhotoven\u00ed d\u00e1rkov\u00fdch poukaz\u016f"},"content":{"rendered":"<p>[et_pb_section bb_built=&#8220;1&#8243; admin_label=&#8220;section&#8220; background_image=&#8220;http:\/\/foto-trinec.cz\/wp-content\/uploads\/byrtusova201800004.jpg&#8220; parallax_method=&#8220;off&#8220; padding_mobile=&#8220;off&#8220; _builder_version=&#8220;3.2.1&#8243; next_background_color=&#8220;#f9f9f9&#8243;][et_pb_row _builder_version=&#8220;3.2.1&#8243;][et_pb_column type=&#8220;4_4&#8243;][et_pb_cta _builder_version=&#8220;3.2.1&#8243; border_style=&#8220;solid&#8220; background_color=&#8220;rgba(196,196,196,0)&#8220; custom_margin=&#8220;500px|||&#8220; header_font_size=&#8220;38&#8243; \/][\/et_pb_column][\/et_pb_row][\/et_pb_section][et_pb_section bb_built=&#8220;1&#8243; admin_label=&#8220;Section&#8220; fullwidth=&#8220;off&#8220; specialty=&#8220;off&#8220; transparent_background=&#8220;off&#8220; background_color=&#8220;#f9f9f9&#8243; allow_player_pause=&#8220;off&#8220; inner_shadow=&#8220;off&#8220; parallax=&#8220;off&#8220; parallax_method=&#8220;off&#8220; padding_mobile=&#8220;off&#8220; make_fullwidth=&#8220;off&#8220; use_custom_width=&#8220;off&#8220; width_unit=&#8220;on&#8220; make_equal=&#8220;off&#8220; use_custom_gutter=&#8220;off&#8220; prev_background_color=&#8220;#ffffff&#8220; custom_padding_tablet=&#8220;50px|0|50px|0&#8243; custom_padding_last_edited=&#8220;on|desktop&#8220;][et_pb_row][et_pb_column type=&#8220;4_4&#8243;][et_pb_text _builder_version=&#8220;3.2.1&#8243; text_orientation=&#8220;center&#8220; text_font_size=&#8220;16&#8243; module_alignment=&#8220;center&#8220;]<\/p>\n<h2><strong>D\u00e1rkov\u00e9 poukazy<br \/>\n<\/strong><\/h2>\n<p>MO\u017dNOST ZHOTOVEN\u00cd A ZAKOUPEN\u00cd D\u00c1RKOV\u00ddCH POUKAZ\u016e NA VOLN\u00dd V\u00ddB\u011aR ZBO\u017d\u00cd, TISK FOTEK NEBO FOCEN\u00cd V ATELI\u00c9RU<\/p>\n<p>[\/et_pb_text][\/et_pb_column][\/et_pb_row][et_pb_row admin_label=&#8220;Row&#8220; make_fullwidth=&#8220;off&#8220; use_custom_width=&#8220;off&#8220; width_unit=&#8220;on&#8220; use_custom_gutter=&#8220;on&#8220; padding_mobile=&#8220;on&#8220; allow_player_pause=&#8220;off&#8220; parallax=&#8220;off&#8220; parallax_method=&#8220;off&#8220; make_equal=&#8220;on&#8220; parallax_1=&#8220;off&#8220; parallax_method_1=&#8220;off&#8220; parallax_2=&#8220;off&#8220; parallax_method_2=&#8220;off&#8220; background_color_2=&#8220;#ffffff&#8220; column_padding_mobile=&#8220;on&#8220; gutter_width=&#8220;1&#8243; custom_padding=&#8220;30px||0px|&#8220; background_position=&#8220;top_left&#8220; background_repeat=&#8220;repeat&#8220; background_size=&#8220;initial&#8220;][et_pb_column type=&#8220;4_4&#8243;][et_pb_image admin_label=&#8220;Image&#8220; src=&#8220;http:\/\/foto-trinec.cz\/wp-content\/uploads\/byrtusova201800002.jpg&#8220; show_in_lightbox=&#8220;on&#8220; use_overlay=&#8220;on&#8220; align=&#8220;center&#8220; force_fullwidth=&#8220;on&#8220; hover_overlay_color=&#8220;rgba(0,0,0,0.52)&#8220; overlay_icon_color=&#8220;#ffffff&#8220; _builder_version=&#8220;3.2.1&#8243; hover_icon=&#8220;%%51%%&#8220; show_bottom_space=&#8220;off&#8220; \/][et_pb_image admin_label=&#8220;Image&#8220; src=&#8220;http:\/\/foto-trinec.cz\/wp-content\/uploads\/byrtusova201800003.jpg&#8220; show_in_lightbox=&#8220;on&#8220; use_overlay=&#8220;on&#8220; animation=&#8220;off&#8220; sticky=&#8220;off&#8220; align=&#8220;center&#8220; force_fullwidth=&#8220;on&#8220; border_style=&#8220;solid&#8220; hover_overlay_color=&#8220;rgba(0,0,0,0.52)&#8220; overlay_icon_color=&#8220;#ffffff&#8220; _builder_version=&#8220;3.2.1&#8243; hover_icon=&#8220;%%51%%&#8220; \/][et_pb_image admin_label=&#8220;Image&#8220; src=&#8220;http:\/\/foto-trinec.cz\/wp-content\/uploads\/byrtusova201800006.jpg&#8220; show_in_lightbox=&#8220;on&#8220; use_overlay=&#8220;on&#8220; align=&#8220;center&#8220; force_fullwidth=&#8220;on&#8220; hover_overlay_color=&#8220;rgba(0,0,0,0.52)&#8220; overlay_icon_color=&#8220;#ffffff&#8220; _builder_version=&#8220;3.2.1&#8243; hover_icon=&#8220;%%51%%&#8220; \/][et_pb_image admin_label=&#8220;Image&#8220; src=&#8220;http:\/\/foto-trinec.cz\/wp-content\/uploads\/byrtusova201800004.jpg&#8220; show_in_lightbox=&#8220;on&#8220; use_overlay=&#8220;on&#8220; animation=&#8220;off&#8220; sticky=&#8220;off&#8220; align=&#8220;center&#8220; force_fullwidth=&#8220;on&#8220; border_style=&#8220;solid&#8220; hover_overlay_color=&#8220;rgba(0,0,0,0.52)&#8220; overlay_icon_color=&#8220;#ffffff&#8220; _builder_version=&#8220;3.2.1&#8243; hover_icon=&#8220;%%51%%&#8220; \/][\/et_pb_column][\/et_pb_row][\/et_pb_section]<\/p>\n","protected":false},"excerpt":{"rendered":"<p><div class=\"et_pb_row et_pb_row_0 et_pb_row_empty\">\n\t\t\t\t\n\t\t\t\t\n\t\t\t\t\n\t\t\t\t\n\t\t\t\t\n\t\t\t<\/div> D\u00e1rkov\u00e9 poukazy MO\u017dNOST ZHOTOVEN\u00cd A ZAKOUPEN\u00cd D\u00c1RKOV\u00ddCH POUKAZ\u016e NA VOLN\u00dd V\u00ddB\u011aR ZBO\u017d\u00cd, TISK FOTEK NEBO FOCEN\u00cd V ATELI\u00c9RU<\/p>\n","protected":false},"author":1,"featured_media":0,"parent":0,"menu_order":0,"comment_status":"closed","ping_status":"closed","template":"","meta":{"_et_pb_use_builder":"on","_et_pb_old_content":"","_et_gb_content_width":""},"_links":{"self":[{"href":"https:\/\/foto-trinec.cz\/index.php?rest_route=\/wp\/v2\/pages\/25073"}],"collection":[{"href":"https:\/\/foto-trinec.cz\/index.php?rest_route=\/wp\/v2\/pages"}],"about":[{"href":"https:\/\/foto-trinec.cz\/index.php?rest_route=\/wp\/v2\/types\/page"}],"author":[{"embeddable":true,"href":"https:\/\/foto-trinec.cz\/index.php?rest_route=\/wp\/v2\/users\/1"}],"replies":[{"embeddable":true,"href":"https:\/\/foto-trinec.cz\/index.php?rest_route=%2Fwp%2Fv2%2Fcomments&post=25073"}],"version-history":[{"count":5,"href":"https:\/\/foto-trinec.cz\/index.php?rest_route=\/wp\/v2\/pages\/25073\/revisions"}],"predecessor-version":[{"id":25092,"href":"https:\/\/foto-trinec.cz\/index.php?rest_route=\/wp\/v2\/pages\/25073\/revisions\/25092"}],"wp:attachment":[{"href":"https:\/\/foto-trinec.cz\/index.php?rest_route=%2Fwp%2Fv2%2Fmedia&parent=25073"}],"curies":[{"name":"wp","href":"https:\/\/api.w.org\/{rel}","templated":true}]}}